 16992 = 5*r - 3008, 5*h + r = 34960. What is the thousands digit of h?
6
Let t = 20169 - 13833. What is the tens digit of t?
3
Let o = 226 - 226. Suppose -4*z = -0*b + 2*b - 876, 3*b - 2*z - 1298 = o. What is the tens digit of b?
3
Let g(o) = -38*o + 71. Let z be g(2). What is the tens digit of z - ((-30170)/49 + (-2)/7)?
1
Suppose q - 1 = 4. Suppose 2*y = 5*m - 27, 2*m + q*y = -2*m + 15. Suppose -118 = -m*d + 142. What is the tens digit of d?
5
Let w be 629 + (4 - 3*4/6). Let m = 1327 - w. What is the tens digit of m?
9
Let w = -64 - -68. Suppose w*j - 1520 = -496. What is the tens digit of 2 + -7 + 4 + j?
5
Let d = 760 - 387. Suppose 2*i - d = -199. What is the units digit of i?
7
Let k(u) = 3*u**2 - 49*u + 19698. What is the ten thousands digit of k(0)?
1
Let d(s) be the first derivative of 5*s**3/3 + 5*s**2 - 6*s + 2. Suppose 31*l + 185 - 30 = 0. What is the tens digit of d(l)?
6
Let k = 131 - 62. Let i = 69 - k. Suppose i = -9*v + 256 + 491. What is the tens digit of v?
8
Suppose 2*t - 5*q = 20, -4*t + 5*q + 6 + 24 = 0. Suppose -4*a = t*l - 2165, -3*a - 3*l = -5*a + 1099. What is the hundreds digit of a?
5
What is the thousands digit of 219110/19 - 56/532?
1
Let f(z) = -z**2 - 21*z - 18. What is the units digit of f(-13)?
6
Let n(b) = 204*b - 2. Let c(z) = 5*z + 64*z + 2 - 3 + 136*z. Let q(r) = 4*c(r) - 5*n(r). What is the tens digit of q(-1)?
0
Let w(t) = 6*t**2 - 2*t + 12. Suppose -5*u + 3*q + 87 + 95 = 0, -5*u - 5*q + 190 = 0. Let n = 40 - u. What is the units digit of w(n)?
0
Let f = 198023 + -138529. What is the units digit of f?
4
Suppose -88*t + 90*t + 2*j - 22610 = 0, -4*j = -4*t + 45228. What is the ten thousands digit of t?
1
Let d(f) = 12 - 13*f - 4*f**3 + f**2 + 5*f**3 - 6 + 4. What is the units digit of d(7)?
1
Let r be (12/4)/1 + 2 + 111. Suppose -5*s + 7*s + 2*t - 212 = 0, 0 = -s - 3*t + r. What is the hundreds digit of s?
1
Let a = 12129 + -5514. What is the units digit of a?
5
Let f(a) = 194*a + 6. Let g = 127 - 262. Let c = g + 136. What is the units digit of f(c)?
0
What is the hundreds digit of (28/(-10))/((-2)/1590)*(-655)/(-393)?
7
Let d = 2082 + -1197. Let f = -743 + d. What is the units digit of f?
2
Suppose -3*i - 110 = -2*n - 0*i, 2*n + 4*i - 124 = 0. Let f = n - 88. What is the tens digit of (-2690)/f + (-12)/(-9)?
9
Let t(k) = 262*k**2 - 10*k + 58. What is the units digit of t(5)?
8
Let x(v) = 1471*v**2 + 8*v - 26. What is the hundreds digit of x(2)?
8
Suppose 4329 = b - 2*c, 17*b - 2*c = 15*b + 8650. What is the units digit of b?
1
What is the units digit of (-2708)/(((-88)/33)/2)?
1
Suppose n - 658 - 1887 = 0. Let s = -1066 + n. What is the units digit of s?
9
Let b = -1484 - -2942. Let c = b + -788. What is the tens digit of c?
7
What is the hundreds digit of -4 + 11/((-44)/(-40364))?
0
Suppose 3*i - 12700 = -i. What is the tens digit of i?
7
Suppose -64*b - 44 = -66*b. Suppose -b*j + 12135 = 959. What is the tens digit of j?
0
Let s(h) = 14*h - 30. Suppose -52 = 4*b - 12. Let k(w) = -5*w + 10. Let q(z) = b*k(z) - 3*s(z). What is the units digit of q(11)?
8
Let y(d) = 1497*d + 1970. What is the ten thousands digit of y(11)?
1
Let p(g) = -2*g**3 + 99*g**2 + 800*g + 68. What is the thousands digit of p(53)?
2
Let b(i) = 189*i**2 + i. Suppose -2*o - 2*o = -f, 4*o = -f. Suppose -18*n + 19*n + 1 = o. What is the tens digit of b(n)?
8
Suppose u - 4*u = 12. Let z be (14/(-4))/(2/u) - 2. Suppose 119 = 2*o + 2*o - a, 5*a - z = 0. What is the tens digit of o?
3
Let u(y) be the second derivative of -73*y**4/12 - 2*y**3/3 + 5*y**2/2 + 7*y - 2. Let z be u(2). Let o = 12 - z. What is the hundreds digit of o?
3
Let k = 286 - 86. Suppose -9*d + 5*d + k = 0. Suppose -53*w + 288 = -d*w. What is the tens digit of w?
9
Let o be 41*1 - (-6 + 3). Let s(y) = -2*y**2 - 8*y - 2. Let m be s(-2). Suppose 7*x - m*x = o. What is the tens digit of x?
4
Let j be (2/5)/((-3)/30). Let y(k) = -2*k**3 + 7*k**2 + 6*k + 2. Let p be y(j). Let h = -92 + p. What is the hundreds digit of h?
1
Suppose 8*d = -6*d + 154. Suppose -d*t = 12*t - 24334. What is the units digit of t?
8
Let d = 16537 - -120. What is the hundreds digit of d?
6
Let v(f) = 468*f**2 - 16*f + 30. Let s be v(3). Suppose -48*k + 42*k = -s. What is the tens digit of k?
9
Suppose 8*c - k = 10*c - 31768, 4*k = -5*c + 79411. What is the ten thousands digit of c?
1
Suppose 2*s - 25*b + 21*b = 1148, 5*s - b = 2906. Let p = s - 276. What is the hundreds digit of p?
3
Let n(z) = 2*z**2 + 16*z + 14. Let s be n(-7). Suppose s = 10*v - 2753 + 153. What is the tens digit of v?
6
Suppose 26*r + 5341 - 55781 = 0. Let x = r - 535. What is the hundreds digit of x?
4
Let h = 3 + 2. Suppose -3*g = -3*k - 126, k + 0*g + 22 = h*g. Let t = k + 92. What is the units digit of t?
5
Suppose -11*s + 16*s - 45870 = 0. What is the thousands digit of s?
9
Suppose -5*i = q - 3*i - 42747, 555711 = 13*q - 5*i. What is the hundreds digit of q?
7
Let v be (5 - (0 + 2))/(23/46). Suppose -2981 - 1729 = -v*d. What is the tens digit of d?
8
Let f = 245 - 175. Let o(r) = -12*r - 34. Let d be o(-3). Suppose d*g = 54 + f. What is the units digit of g?
2
Suppose -q + 3*c + c - 12 = 0, -2*q - 5*c = 76. Let h = -956 - -1043. Let w = q + h. What is the tens digit of w?
5
What is the thousands digit of 7 + -2 + 3 - -9711?
9
Let t = -115 - -115. Suppose -13*q - 1304 + 9364 = t. What is the hundreds digit of q?
6
Let u(v) = v**2 - 384*v + 583. What is the ten thousands digit of u(-101)?
4
Let g = -549 + -150. Let h = g - -1347. What is the hundreds digit of h?
6
Let t(c) = -21*c**2 - 17*c + 1. Let q(p) = 5*p**2 + 4*p. Let s(x) = 9*q(x) + 2*t(x). Let w be s(-1). Suppose -31 - 143 = -w*z. What is the units digit of z?
8
What is the hundreds digit of 9116*-21*(-12)/336?
8
Let v = -44 - -47. Suppose 0*y = -y - v. What is the tens digit of 69 - (-2 - 9/y)?
6
Let l(x) = -6588*x**3 - 2*x**2 - 6*x + 8. What is the ten thousands digit of l(-2)?
5
Let c be 1/1*(7 - 4) + 14. Let f = 126 + c. What is the tens digit of f?
4
What is the tens digit of -26*(17838/(-36) + 19)?
8
Suppose 0 = 4*k + 4, k - 5*k - 40 = -3*a. Let j be a/(-54) + (-356)/18. What is the units digit of j/(-6)*(-66)/(-4)?
5
What is the hundreds digit of -1 + -1 - (-589820)/(-17 - -27)?
9
Let a = -296 + 118. Let f = -82 - a. What is the tens digit of f?
9
Suppose -118*n = -121*n - 1248. Let c = 585 - n. What is the hundreds digit of c?
0
Let g be (-11)/(99/9) + -1*27. Let j(q) = q**3 + 27*q**2 - 39*q + 51. What is the hundreds digit of j(g)?
3
Suppose -93 = -16*w + 83. Suppose -5*c = -w*c + 3552. What is the tens digit of c?
9
Let q be (-2)/(-41 + 42 - (-246)/(-250)). What is the tens digit of (-84)/(-42)*q/(-2)?
2
Let k = 1943 - 1166. What is the hundreds digit of k?
7
Suppose 3*o = 8 - 5. Let k be -4 + o + 1 + -1 + 100. Let p = k - 50. What is the units digit of p?
7
Suppose 0 = 16*z - 55766 - 41114. What is the tens digit of z?
5
Let m = -218 - -91. Suppose -630 = -0*p - 3*p. Let n = m + p. What is the tens digit of n?
8
Suppose -88*b + 92*b = -c + 2959, 5*c = 4*b + 14699. What is the tens digit of c?
4
Let o = -289 + 3352. Suppose 0 = -37*u + 34*u + o. What is the tens digit of u?
2
Let c(d) = d**2 + 20*d + 19. Let x be c(-19). What is the tens digit of -3 + (2 - x) + (-248)/(-2)?
2
Suppose -7*a = -9*a - 60. Let l = -25 - a. Suppose 0 = -0*y + 3*y + 5*o - 236, -l*o + 390 = 5*y. What is the tens digit of y?
7
Let n(q) = -q**3 - 3*q**2 - 6*q + 5. Let y(c) = -c**2 + 9*c - 24. Let z = -105 - -111. Let f be y(z). What is the tens digit of n(f)?
4
Let a(n) = 0 + 14*n - 12*n + 7*n**2 - 252*n**3 + 10 + 113*n**3. What is the hundreds digit of a(-2)?
1
Let h = -8019 - -28225. What is the thousands digit of h?
0
Let o(d) = 2*d**3 + 100*d**2 - 8*d - 93. What is the units digit of o(-48)?
7
Suppose -209*z - 180233 = -6238516. What is the ten thousands digit of z?
2
Let p be -171 + 28/70*10*-1. Let a = 351 + p. What is the units digit of a?
6
Let f(j) = 2*j**2 - 20*j + 17. Let w be f(11). Let x = 39 - w. Suppose x = b - 6*b + 260. What is the units digit of b?
2
Suppose 0 = -5*d + 5*p + 3212 + 15463, 4*d = -4*p + 14900. Suppose -d - 5621 = -9*x. What is the thousands digit of x?
1
Let a(o) be the second derivative of 2/3*o**3 + 0 + 42*o**2 + 25*o. What is the tens digit of a(-